11704741?
False
Is 5 a factor of 7621166?
False
Is 49 a factor of 178808987?
True
Is 650172505 a multiple of 12?
False
Does 608 divide 3826144?
True
Does 18 divide 7949188278?
True
Does 24 divide 18424525?
False
Is 105 a factor of 13751955?
True
Does 53 divide 91819263?
False
Is 17 a factor of 15464786?
False
Is 27 a factor of 2599857?
True
Is 236554020 a multiple of 36?
True
Is 998503061 a multiple of 412?
False
Is 430 a factor of 108995545?
False
Does 43 divide 14106967?
True
Is 616822125 a multiple of 443?
True
Is 1888 a factor of 491229280?
True
Is 206397682 a multiple of 694?
True
Is 47 a factor of 345688364?
False
Does 41 divide 25884202?
True
Does 377 divide 2795026728?
True
Does 10 divide 16918181?
False
Is 445351 a multiple of 88?
False
Is 1038 a factor of 30145661?
False
Is 939 a factor of 30493864?
False
Is 179285788 a multiple of 44?
True
Does 1261 divide 457439099?
True
Is 1370 a factor of 138511066?
False
Is 173 a factor of 15648369?
True
Is 796 a factor of 19471752?
True
Does 554 divide 1755273102?
True
Is 1199 a factor of 1669019?
False
Does 16 divide 1117746527?
False
Does 116 divide 59064996?
True
Is 291144936 a multiple of 6?
True
Is 1349920634 a multiple of 1325?
False
Is 964 a factor of 882098552?
False
Is 16 a factor of 42612720?
True
Is 5426887752 a multiple of 6292?
True
Does 981 divide 528195023?
False
Is 28323549 a multiple of 34?
False
Is 414 a factor of 830649186?
True
Is 30 a factor of 2774642049?
False
Is 455 a factor of 86877191?
False
Does 88 divide 192329447?
False
Is 13 a factor of 16825689?
False
Does 57 divide 37715445?
False
Does 102 divide 25931664?
True
Does 142 divide 255474330?
True
Is 50158416 a multiple of 984?
True
Is 630 a factor of 2152161900?
True
Does 2208 divide 75036354?
False
Does 19 divide 47889310?
True
Is 1177783210 a multiple of 38?
True
Is 468068840 a multiple of 9?
False
Is 320776850 a multiple of 42?
False
Is 432921 even?
False
Is 56931167 a multiple of 44?
False
Is 1074 a factor of 48254496?
False
Is 71775353 a multiple of 28?
False
Is 178 a factor of 67968766?
True
Is 103187875 a multiple of 991?
True
Is 3 a factor of 21984689?
False
Is 22 a factor of 16012208?
False
Is 209 a factor of 39447914?
True
Is 677328234 a multiple of 3509?
True
Is 2231 a factor of 590231129?
True
Is 81 a factor of 1138133555?
False
Is 7974482 a multiple of 15?
False
Is 147900778 a multiple of 971?
True
Is 16072224 a multiple of 84?
True
Does 17 divide 160401831?
False
Does 1575 divide 14360850?
True
Is 190095217 a multiple of 12?
False
Is 21 a factor of 156126453?
True
Does 118 divide 139805029?
False
Is 538712540 a multiple of 883?
False
Does 13 divide 4863755818?
False
Does 8 divide 1059652556?
False
Is 4 a factor of 1636713?
False
Does 556 divide 205245686?
False
Does 600 divide 38477688?
False
Is 34362528 a multiple of 4?
True
Is 873972 a multiple of 18?
True
Is 2941 a factor of 313440016?
True
Is 37 a factor of 137684232?
False
Is 9 a factor of 246394314?
True
Is 62952176 a multiple of 14?
True
Does 444 divide 40968758?
False
Does 5287 divide 347392909?
True
Is 2492 a factor of 59812984?
True
Is 98453551 a multiple of 92?
False
Does 30 divide 18652687?
False
Is 1689898331 a multiple of 445?
False
Is 1665520610 a multiple of 15?
False
Does 13 divide 49085127?
True
Is 1569546 a multiple of 198?
True
Does 245 divide 119221280?
False
Does 19 divide 483466096?
True
Does 20 divide 2853260?
True
Does 266 divide 47234987?
False
Is 4971 a factor of 778307095?
False
Does 171 divide 14712780?
False
Does 80 divide 373277520?
True
Does 100 divide 213778566?
False
Is 4860 a factor of 71272086?
False
Is 81010490 a multiple of 19?
True
Is 10843294 a multiple of 518?
True
Is 130 a factor of 38598560?
True
Is 111 a factor of 230807594?
False
Is 28078246 a multiple of 1211?
True
Is 67 a factor of 133839669?
True
Is 30088992 a multiple of 197?
True
Is 591 a factor of 11325385?
False
Is 415960650 a multiple of 135?
True
Is 496 a factor of 140060480?
True
Does 198 divide 583304847?
False
Is 98 a factor of 110258624?
True
Is 1722 a factor of 29847646?
False
Is 120150872 a multiple of 31?
False
Does 89 divide 2675206?
False
Is 173308694 a multiple of 381?
False
Does 539 divide 307283361?
True
Does 116 divide 262606568?
False
Does 20 divide 3461127920?
True
Does 923 divide 5432157744?
True
Is 1150181487 a multiple of 41?
True
Is 15 a factor of 121640520?
True
Does 56 divide 406040250?
False
Does 733 divide 1795584712?
False
Is 1773166687 a multiple of 73?
False
Is 20 a factor of 7285860?
True
Is 803256927 a multiple of 1347?
False
Does 79 divide 120148730?
True
Is 19203448 a multiple of 8?
True
Is 1201789819 a multiple of 19?
False
Is 76656101 a multiple of 468?
False
Does 3344 divide 533156905?
False
Does 36 divide 9999360?
True
Does 14 divide 142104563?
False
Is 641641390 a multiple of 65?
True
Is 200984320 a multiple of 128?
True
Does 16 divide 960846960?
True
Does 1197 divide 901768329?
True
Is 7 a factor of 1296205225?
True
Is 1354788252 a multiple of 1236?
True
Is 545 a factor of 1062662075?
False
Does 169 divide 146520769?
False
Is 29300723 even?
False
Does 3 divide 5029343?
False
Does 346 divide 152188792?
True
Is 3393003 a multiple of 183?
True
Does 882 divide 779340512?
False
Is 4 a factor of 69441796?
True
Is 529712256 a multiple of 96?
True
Is 149 a factor of 33425339?
False
Is 106 a factor of 2551186779?
False
Is 10 a factor of 9522600?
True
Is 256 a factor of 1032718848?
True
Does 1290 divide 37874556?
False
Does 58 divide 18659644?
True
Is 237099720 a multiple of 451?
True
Does 1625 divide 107708250?
True
Is 3983143000 a multiple of 4946?
False
Is 6782346 a multiple of 213?
True
Does 4496 divide 187559632?
True
Does 2 divide 379102?
True
Does 23 divide 172541216?
True
Is 139 a factor of 274084648?
True
Is 1309 a factor of 1014044464?
False
Is 1949890768 a multiple of 112?
True
Is 1495 a factor of 546370968?
False
Does 916 divide 108795152?
True
Is 217 a factor of 567804153?
True
Is 118511820 a multiple of 9?
True
Is 230 a factor of 128715590?
True
Is 23 a factor of 48692541?
True
Is 1612 a factor of 998092368?
True
Is 16 a factor of 34012954?
False
Is 737 a factor of 249261507?
True
Does 272 divide 83455650?
False
Does 695 divide 50869761?
False
Is 52 a factor of 13045292?
True
Does 69 divide 69396019?
False
Does 227 divide 370467461?
False
Is 3438184 a multiple of 4?
True
Does 521 divide 280020307?
True
Is 229 a factor of 276424117?
False
Is 16720120 a multiple of 10?
True
Is 22 a factor of 85984030?
True
Is 29370868 a multiple of 15?
False
Does 79 divide 36037945?
False
Is 262 a factor of 1733010266?
True
Does 67 divide 2958013386?
False
Does 38 divide 1657819806?
True
Is 111 a factor of 141310235?
False
Does 26 divide 2350111111?
False
Is 2 a factor of 17882337?
False
Does 217 divide 56834748?
False
Does 504 divide 2982478390?
False
Does 17 divide 355593488?
True
Does 9 divide 48227571?
True
Is 425576151 a multiple of 33?
True
Does 108 divide 28505687?
False
Is 1192 a factor of 531597432?
True
Does 8779 divide 529252771?
False
Is 134 a factor of 97166261?
False
Is 1420314588 a multiple of 6468?
True
Is 15 a factor of 565690470?
True
Is 3332852768 a multiple of 7?
True
Is 83458168 a multiple of 8?
True
Does 247 divide 20566718?
False
Is 14 a factor of 56118635?
False
Is 782963181 a multiple of 14?
False
Is 2975202 a multiple of 2467?
True
Does 130 divide 314925780?
True
Does 294 divide 762819456?
True
Does 3 divide 931006?
False
Is 20 a factor of 19960600?
True
Is 64663092 a multiple of 78?
True
Does 137 divide 42018295?
False
Does 448 divide 203254159?
False
Is 223 a factor of 1052783?
True
Is 11751160 a multiple of 1724?
False
Is 105 a factor of 6924168720?
True
Is 35 a factor of 259057470?
True
Is 3062 a factor of 846830056?
False
Is 20 a factor of 2756476140?
True
Does 32 divide 251328?
True
Does 57 divide 38362710?
True
Does 327 divide 31330524?
True
Is 104 a factor of 87763044?
False
Is 159205532 a multiple of 1594?
True
Does 1426 divide 39594090?
False
Is 744586 a multiple of 71?
False
Is 38117432 a multiple of 5?
False
Is 389 a factor of 648509170?
False
Is 30 a factor of 171850890?
True
Does 17 divide 1270586868?
True
Is 6 a factor of 2078360?
False
Does 6236 divide 57472141?
False
Is 9944803 a mu